3 + 138 - 59*t**2 - 722*t. What is h(-60)?
1
Let u(s) be the second derivative of 17*s**3/6 - s**2/2 + 3334*s. Give u(6).
101
Suppose 0 = 3*t - 6, -4*w + 23 = -2*t - 41. Suppose w = o + 8. Let r(c) = c + 8. Give r(o).
17
Let j(m) = -4*m**2 + 6*m + 2. Let u(r) = r**2 + 49*r - 734. Let k be u(12). Determine j(k).
-26
Let s(d) = d**2 - 3*d - 8. Suppose -2 = -5*l - 2*y - y, 2*l - 3*y - 5 = 0. Let v be 1 + 2 - (-2 - l). Let a be 9/(-18)*-2*v. Give s(a).
10
Let p(h) = 101*h + 2. Let q(t) = 61*t + 1. Let s(i) = -6*p(i) + 10*q(i). What is s(6)?
22
Let b(g) = -g - 4. Let n = -195 - -85. Let x be 1/(-2) - n/44. Let s(y) = -1. Let m(i) = x*s(i) - b(i). Calculate m(-4).
-2
Let d(f) = f**3 + 3*f**2 + 5*f + 3. Suppose -13*v + 14 = -64. Suppose v = -6*y - 12. Determine d(y).
-12
Let n be (0 - 3)*(-6)/18 - -39. Suppose 0 = -4*j + j + 123. Let m(x) = -j*x**2 + n*x**2 + x - 2*x - 5. What is m(0)?
-5
Suppose 87 = -12*k + 27. Let a(m) = -2*m**3 + 7*m**2 + 7*m - 12. Let u(j) = -3*j**3 + 14*j**2 + 13*j - 24. Let z(x) = k*a(x) + 3*u(x). What is z(-6)?
0
Let x(l) = -l**2 - 2*l + 33. Let m = -1167 + 1157. Calculate x(m).
-47
Let r(b) = -168*b**3 - 6*b + 5. Let y(n) = 56*n**3 + 2*n - 2. Let z(d) = 4*r(d) + 11*y(d). Give z(-1).
56
Let t(p) = p - 1. Let w(l) = -l + 2. Let d(h) = 6*t(h) + 5*w(h). Let u(o) = -o**2 - 6*o - 1. Let r be u(-4). Suppose -r*n - 3 = 32. Give d(n).
-1
Let z(v) be the second derivative of 7*v**3/3 - 14*v**2 - 1148*v. Determine z(3).
14
Suppose -3*t + 6 = -3*z, -2 = -2*z - t + 6. Let x be (-6 + 7)*(2 + -1). Let m(r) = x - 14*r + 25*r - 13*r. Give m(z).
-3
Let t(l) = -605*l + 189*l + 189*l + 181*l + 407. What is t(9)?
-7
Let b(a) = -a**3 - 6*a**2 + a + 9. Let z be b(-6). Let r(j) = -2*j**2 + 6*j - 3 - j - 21*j**3 + 22*j**z + 0. Calculate r(3).
21
Suppose 0 = -45*l - 750 + 3000. Suppose -10*b + 20*b + l = 0. Let n(v) = v**2 + 6*v - 1. Determine n(b).
-6
Let j = 2 + 180. Let y = j - 175. Let x(i) be the first derivative of i**2 - 9*i + 1. Determine x(y).
5
Let q(f) = 3*f + 6. Let t(v) = 4*v + 7. Let j(h) = -3*q(h) + 2*t(h). Let w = -1357 + 1361. Determine j(w).
-8
Let i(p) = 18*p - 4. Suppose 30*l = 26*l - 44. Let s(x) = 49*x - 12. Let z(b) = l*i(b) + 4*s(b). Give z(-5).
6
Let d(k) = k**2 - 4*k + 1. Let o = 10878 - 10876. Calculate d(o).
-3
Let i(b) be the third derivative of 0*b + 0 - 83*b**2 + 1/12*b**4 - 4/3*b**3. What is i(14)?
20
Let c(k) = k**3 - 9*k**2 + 6*k + 55. Let p be 6 - (-476)/(-77) - ((-632)/(-22))/(-4). Determine c(p).
-1
Let i(l) = 12*l**2 + l - 3*l**2 - 4 + 5 - 10*l**2 + 3. Determine i(6).
-26
Let r(v) = -14 + 18 - v**3 + v + v + 4*v + 23*v**2 - 16*v**2. Calculate r(8).
-12
Let l(u) = -15 - 14 - 2*u + 5 - 3*u + 12*u. Determine l(8).
32
Suppose 4*c - 4 = 24. Suppose c*z - 548 = -79. Suppose 25 = -6*s + z. Let f(g) = -g**3 + 6*g**2 + 7*g - 9. Determine f(s).
-9
Let y(d) be the third derivative of -d**5/120 + 3*d**4/4 - 221*d**3/6 + 49*d**2. Let x(n) be the first derivative of y(n). What is x(15)?
3
Let u(x) be the first derivative of -x**4/4 - 2*x**3 + x**2/2 - x + 537. What is u(-7)?
41
Let h(t) be the third derivative of -45*t**2 + 0*t + 0 + t**3 + 1/6*t**4. Give h(-4).
-10
Let w be 100/150*5*(-4)/((-4)/(-3)). Let l(i) be the first derivative of i**2/2 + 17*i - 2. Determine l(w).
7
Let p(g) = g + 11. Let f be p(-7). Let t(o) = 0 - o**3 + 2 + f*o - 5. Determine t(2).
-3
Let a(z) = 7*z**3 + 200*z**2 - 37*z - 10. Let i(p) = -3*p**3 - 90*p**2 + 18*p + 5. Let n(g) = 4*a(g) + 9*i(g). Calculate n(8).
-11
Let p(w) = w**3 + w**2 - 3*w + 4. Suppose -15 = 2*z - 7*z. Suppose -5*m + 22 + z = 0. Let y be (m/90*6)/((-1)/9). Give p(y).
-5
Let z(v) = v**2 - 3 + 294*v**3 - 5*v + 162*v**3 - 617*v**3 + 162*v**3. Suppose 4*l - 3*l = u + 6, 3 = -3*u - 2*l. Determine z(u).
-6
Let m(r) be the first derivative of r**4/4 + 8*r**3/3 - r**2 - 19*r + 238. Calculate m(-8).
-3
Let j(x) = x + 2068*x**3 - 4128*x**3 + 2059*x**3 - 77 + 9*x**2. What is j(8)?
-5
Let n = 159 + -265. Let y = n + 103. Let m(r) = 6*r + 4. Calculate m(y).
-14
Let a = -3683 + 3689. Let i(p) = -p**3 + 6*p**2 - 6*p + 6. Determine i(a).
-30
Let j(f) be the second derivative of -f**3/2 + 9*f**2/2 - 23*f. Suppose -3*y + 3*x + 33 = 0, x + 18 = 11*y - 9*y. What is j(y)?
-12
Suppose y + 21 = 5*g, 5*g - 3*y - 19 = g. Let p(x) = -3 + 19 - 17 + g*x. Calculate p(5).
19
Let y be (-3 - -3)/(4 - 5). Let w be (-4 - y) + -22 + 34. Let t(d) be the second derivative of d**5/20 - 2*d**4/3 - 7*d**2/2 + d - 1. Calculate t(w).
-7
Let z be (14 - 13)*(0 - -3). Let r(w) = 4*w - 1785*w**2 - z*w + 1783*w**2. Calculate r(-1).
-3
Let u(f) be the second derivative of f**3/6 + 9*f**2/2 - 259*f. Let r = 2 + 1. Suppose 4*l = -8, -3*l + 1 = -r*j + 2*j. Determine u(j).
2
Let y(q) be the third derivative of -q**4/24 + 17*q**3/6 - 2*q**2 - 126. Calculate y(11).
6
Let s(a) = 5*a - 9. Let m = 2665 + -2663. What is s(m)?
1
Suppose -h + 5*h - 5 = 3*m, -h = 1. Let b(a) = 5*a - 109*a**2 - 112*a**2 + a**3 + 226*a**2 + 2. Give b(m).
5
Let i(s) = 19*s - 2. Let p(v) = 2*v - 3. Let w(x) = -38*x + 12. Let h(d) = -3*p(d) - w(d). Let b(z) = 3*h(z) - 5*i(z). Give b(10).
11
Let w(q) = -q**3 - 25*q**2 + 89*q + 139. Let s be w(-28). Let l(b) = 56*b - 1. What is l(s)?
-57
Suppose 47 = -u + 4*r, 0*u = -4*u + 2*r - 258. Let l = 69 + u. Suppose 3*n - o = -1 + 6, -3*n + 4*o = -l. Let z(j) = -j**3 - j**2 + 2*j + 1. Determine z(n).
-7
Let z(m) = -m**2 + 3*m + 33. Suppose 0 = 4*h - 2*l - 16, 112*l - 109*l = 18. Calculate z(h).
5
Suppose 3*x - 15 = -2*m, 0*m - 6 = -m - x. Let p be 66/(-72)*3*-4. Let o(g) = -p - 3*g**2 + 5*g + 0 + 5 + 4. Determine o(m).
-14
Let g(v) = -v - 47 + 145 - 103. What is g(-6)?
1
Let d(s) = -285*s - 287*s - 1 + 571*s + 8. Determine d(-15).
22
Let m be (-14 - -17) + 2 + -4. Let i(o) = 24*o**3 + 2*o**2 + o - 2. Determine i(m).
25
Let n be (1 - (-37)/(-30))*(-12)/168. Let l(z) be the third derivative of 5/6*z**3 + 0 + n*z**5 - 3/8*z**4 + 0*z - 7*z**2. Determine l(8).
-3
Let g = 510 + -747. Let o = g + 503. Let m(x) = -o*x + 0 + 0 + 264*x. Determine m(6).
-12
Suppose 0 = -3*u - 206 + 686. Let f(z) = -6 - 29*z**2 + z**3 + 22*z**2 + 157*z - u*z. Suppose 35 = -s + 6*s. Determine f(s).
-27
Let s(t) be the second derivative of t**4/12 + t**3/2 - t**2 - 750*t. What is s(-3)?
-2
Let m(s) = -s**2 - 2*s + 3. Suppose -172 = -3*g - 4. Suppose 57*w - g*w + 5 = 0. What is m(w)?
-12
Let c(v) = 2*v**3 + 151*v**2 - 234*v - 242. Let d be c(-77). Let q(b) be the second derivative of -b**4/12 - 5*b**3/3 + 5*b**2/2 + b. Give q(d).
-6
Let b(m) be the first derivative of m**3/3 + 19*m**2/2 + 69*m - 2044. Determine b(-14).
-1
Let i(v) be the third derivative of -v**5/20 + 53*v**4/24 + 31*v**3/6 + 265*v**2 + 4*v. Calculate i(18).
13
Let p(l) = 7*l**2 + 64*l - 10. Let w(k) = -5*k**2 - 43*k + 9. Let o(y) = 2*p(y) + 3*w(y). What is o(9)?
-83
Let k(g) = -8*g**2 - 36*g - 3. Let d(v) = -46*v**2 - 203*v - 18. Let r(t) = 6*d(t) - 34*k(t). Determine r(4).
-46
Let o be ((5/10)/(5/(-6)))/(3/15). Let c(a) = -a**3 - 2*a**2 + 2*a + 9. What is c(o)?
12
Let m be 20/(-6) + 16 + (-1140)/90. Let a(x) = x**2 - 30*x - 21. Give a(m).
-21
Let c(b) be the second derivative of -1/6*b**3 - 7*b**2 - 2 + 1/12*b**4 - 4*b. Determine c(0).
-14
Let w = -53 + 55. Suppose -2*d = a - 17, 0*a - a + w*d = -25. Let n = -23 + a. Let z(u) = -5*u - 1. What is z(n)?
9
Let y(o) = o**3 - 10*o**2 - 10*o - 13. Let s be 64/6 - (-44)/132. Calculate y(s).
-2
Suppose 77*l - 912 = -142. Let n(g) = g - 6. Determine n(l).
4
Let n(j) = j - 6. Let d be n(0). Let h(k) be the second derivative of k**5/20 + k**4/2 - k**3/6 - 150*k. Let a be h(d). Let z(u) = -u - 2. Give z(a).
-8
Let m = -3055 - -3061. Let z(o) = 3*o - 21. Give z(m).
-3
Let n(h) = 23 - 7 - 7 + 21*h**3 - 11*h**3 + 11*h**2 - 13*h - 9*h**3. What is n(-12)?
21
Let m(k) = -7*k**3 - 16*k**3 - k + 14*k**3 + 3*k**2 - k**2. Suppose -3*c - 4 = -10. Let n = c + -1. What is m(n)?
-8
Suppose t - 64 = -65. Let c be t/2*-4 + (4 - 14). Let s(x) = -x - 7. Give s(c).
1
Let w be (3 + (-39)/15)/(8/80). Suppose w*a - 390 = -418. Let g(t) be the first derivative of -t**2/2 - 5*t - 2. What is g(a)?
2
Let v(y) = y**2 - 2*y - 20. Let r be v(0). Let l = 12 + r. Let z be 4 - 2 - 2 - l. Let i(h) = h**2 - 8*h - 7. Determine i(z).
-7
Let s(g) = -38*g + 11*g + 8*g + 5 + 17*g. 